
Is 8501 a composite number?
False
Is 20557 composite?
True
Is 5269 prime?
False
Is 260609 a composite number?
False
Is 109567 a composite number?
False
Is 5737 composite?
False
Is 991 a prime number?
True
Is 3107 composite?
True
Is 349343 composite?
False
Is 91733 a composite number?
False
Is 5557 prime?
True
Is 541889 composite?
False
Is 15931 composite?
True
Is 196519 prime?
True
Is 164221 a composite number?
True
Is 6899 a prime number?
True
Is 30341 a composite number?
False
Is 50017 a composite number?
True
Is 272549 a composite number?
False
Is 203713 prime?
True
Is 13963 prime?
True
Is 373613 composite?
False
Is 340687 a prime number?
True
Is 1777397 a composite number?
True
Is 41371 a prime number?
False
Is 26339 a prime number?
True
Is 46807 a composite number?
False
Is 21763 a prime number?
False
Is 482563 a prime number?
False
Is 103241 a composite number?
True
Is 48017 composite?
False
Is 188315 a prime number?
False
Is 476161 prime?
False
Is 802969 composite?
False
Is 43853 a prime number?
True
Is 9199 a composite number?
False
Is 10061 a composite number?
False
Is 3989 prime?
True
Is 35353 a prime number?
True
Is 3752995 prime?
False
Is 35963 a prime number?
True
Is 14761 a prime number?
False
Is 289865 a composite number?
True
Is 32749 composite?
False
Is 7063 prime?
False
Is 1413773 a prime number?
True
Is 12497 a prime number?
True
Is 1178479 composite?
False
Is 104507 a composite number?
True
Is 189537 composite?
True
Is 114697 a composite number?
True
Is 841733 a prime number?
False
Is 2429 prime?
False
Is 320846 a prime number?
False
Is 30307 a composite number?
False
Is 36443 composite?
True
Is 10347 composite?
True
Is 9239 a prime number?
True
Is 1750579 a prime number?
True
Is 5033 composite?
True
Is 2271551 a prime number?
True
Is 9521 a composite number?
False
Is 6353 prime?
True
Is 16619 a prime number?
True
Is 216211 composite?
False
Is 379 a composite number?
False
Is 1913669 a composite number?
True
Is 341491 composite?
False
Is 5899 a composite number?
True
Is 3016997 a prime number?
True
Is 646837 a composite number?
False
Is 61853 a prime number?
False
Is 8083 a prime number?
False
Is 1004599 a composite number?
False
Is 17527 a prime number?
False
Is 42641 a prime number?
True
Is 2291 prime?
False
Is 190731 a composite number?
True
Is 63398 composite?
True
Is 150665 a composite number?
True
Is 768907 composite?
True
Is 165939 prime?
False
Is 1274989 a prime number?
True
Is 99011 prime?
False
Is 7039 a composite number?
False
Is 1319 a prime number?
True
Is 316403 a prime number?
True
Is 463127 a prime number?
False
Is 54317 prime?
False
Is 38381 a prime number?
False
Is 719 a prime number?
True
Is 539017 prime?
False
Is 3229 a composite number?
False
Is 56047 prime?
False
Is 281507 prime?
False
Is 391849 a prime number?
False
Is 51 a prime number?
False
Is 17903 a composite number?
False
Is 233401 a prime number?
False
Is 428174 prime?
False
Is 38023 prime?
False
Is 2767639 composite?
True
Is 537729 composite?
True
Is 1319 composite?
False
Is 1799639 a composite number?
False
Is 1865 a prime number?
False
Is 824079 composite?
True
Is 91621 prime?
True
Is 426469 prime?
True
Is 29567 a composite number?
False
Is 389661 composite?
True
Is 1704751 a prime number?
True
Is 4609 a prime number?
False
Is 3067483 prime?
True
Is 3454787 a composite number?
True
Is 46919 prime?
True
Is 6209 composite?
True
Is 15297 composite?
True
Is 175211 a prime number?
True
Is 7279 prime?
False
Is 73847 composite?
False
Is 439063 a composite number?
False
Is 57301 composite?
False
Is 173491 a prime number?
True
Is 1554019 a prime number?
True
Is 144563 composite?
False
Is 8222 prime?
False
Is 250927 a prime number?
False
Is 12601 prime?
True
Is 24133 a prime number?
True
Is 1574 composite?
True
Is 70969 a composite number?
False
Is 21631 a prime number?
False
Is 12143 prime?
True
Is 5326955 composite?
True
Is 1733 prime?
True
Is 30553 composite?
False
Is 378971 prime?
False
Is 175211 a composite number?
False
Is 13309 a composite number?
False
Is 271759 prime?
False
Is 16319 a prime number?
True
Is 115339 a composite number?
True
Is 2138137 a prime number?
True
Is 129994 composite?
True
Is 197479 a prime number?
True
Is 4999 a composite number?
False
Is 103307 prime?
True
Is 174649 a prime number?
True
Is 127763 prime?
True
Is 26615 prime?
False
Is 196429 a prime number?
True
Is 22889 a prime number?
False
Is 20477 composite?
False
Is 1584017 prime?
True
Is 6817 composite?
True
Is 26965 a prime number?
False
Is 161081 a composite number?
True
Is 15121 composite?
False
Is 209402 a prime number?
False
Is 1276747 a composite number?
False
Is 172933 a composite number?
False
Is 296537 a prime number?
False
Is 1757337 a prime number?
False
Is 44093 prime?
False
Is 923 a composite number?
True
Is 92341 composite?
True
Is 811959 a prime number?
False
Is 1109774 a prime number?
False
Is 120493 prime?
False
Is 37451 a prime number?
False
Is 25793 a prime number?
True
Is 7727 a composite number?
False
Is 259 composite?
True
Is 388357 prime?
False
Is 8354 a composite number?
True
Is 63445 prime?
False
Is 70639 a composite number?
False
Is 634567 a prime number?
True
Is 124067 a composite number?
False
Is 28949 prime?
True
Is 1169357 a composite number?
True
Is 244901 prime?
True
Is 11617 a composite number?
False
Is 2819 a composite number?
False
Is 7135 a prime number?
False
Is 2742503 a composite number?
False
Is 953189 a prime number?
False
Is 65483 composite?
True
Is 116579 a composite number?
False
Is 57467 a composite number?
False
Is 5581 composite?
False
Is 12941 prime?
True
Is 760519 prime?
True
Is 28837 prime?
True
Is 7499 a composite number?
False
Is 671 a prime number?
False
Is 2657 prime?
True
Is 72011 prime?
False
Is 1141493 prime?
False
Is 495111 composite?
True
Is 307205 prime?
False
Is 21851 prime?
True
Is 111949 a composite number?
False
Is 146147 a prime number?
False
Is 1134571 composite?
True
Is 11969 composite?
False
Is 117071 a prime number?
True
Is 176777 a composite number?
False
Is 33871 prime?
True
Is 327463 a prime number?
True
Is 77191 composite?
False
Is 35099 a composite number?
False
Is 256657 composite?
True
Is 161277 composite?
True
Is 18839 a composite number?
False
Is 168193 composite?
False
Is 539893 a prime number?
False
Is 7717 a prime number?
True
Is 21709 prime?
False
Is 163109 a composite number?
False
Is 1646717 composite?
False
Is 1234231 prime?
True
Is 74751 a composite number?
True
Is 490199 a prime number?
False
Is 51365 a prime number?
False
Is 539959 prime?
False
Is 948749 a prime number?
True
Is 130729 a prime number?
True
Is 2770943 prime?
False
Is 105601 a composite number?
False
Is 162001 a composite number?
True
Is 1664281 composite?
True
Is 1420313 a composite number?
True
Is 54601 a prime number?
True
Is 12149 a prime number?
True
Is 5578 a composite number?
True
Is 776233 a prime number?
True
Is 62767 a composite number?
True
Is 70138 a prime number?
False
Is 28993 prime?
False
Is 896617 composite?
False
Is 18607 a composite number?
True
Is 4754 prime?
False
Is 293003 a prime number?
False
Is 353357 prime?
False
Is 318377 composite?
False
Is 1689 a prime number?
False
Is 404557 prime?
True
Is 2721 prime?
False
Is 20329 a composite number?
True
Is 42209 composite?
False
Is 910285 a composite number?
True
Is 64131 prime?
False
Is 72251 a prime number?
True
Is 1382861 prime?
True
Is 91657 prime?
False
Is 326509 composite?
True
Is 5627 prime?
False
Is 331 a composite number?
False
Is 186401 a prime number?
False
Is 18301 a composite number?
False
Is 2337457 a prime number?
False
Is 302269 composite?
True
Is 3389 prime?
True
Is 55439 prime?
True
Is 1004741 prime?
False
Is 20607 prime?
False
Is 46481 composite?
True
Is 322043 a composite number?
True
Is 19354 a composite number?
True
Is 68323 composite?
True
Is 376319 prime?
False
Is 1443241 prime?
False
Is 2359 composite?
True
Is 14051 prime?
True
Is 43481 prime?
True
Is 93743 prime?
False
Is 11582 a composite number?
True
Is 367397 composite?
False
Is 4206749 a prime number?
True
Is 331 composite?
False
Is 6689 prime?
True
Is 589579 a prime number?
True
Is 10029 a composite number?
True
Is 1906 a prime number?
False
Is 18053 composite?
T